2/2 + 33*j + 2. Let m be q(-15). Let u = m + 76. What is the remainder when u is divided by 17?
15
Suppose 3*v + 3*r = 51, -87*v + 120 = -82*v - 2*r. Suppose 0 = -4*d + 3*c + 64, 2*d - 12*c + 13*c - v = 0. Calculate the remainder when 193 is divided by d.
11
Suppose -1812*v + 1807*v + 520 = 0. Calculate the remainder when 2078 is divided by v.
102
Suppose -1685 = -29*h + 443 + 656. What is the remainder when 2203 is divided by h?
91
Let o(j) = -j + 10. What is the remainder when 1108/9418 + 87/(-17) + 1 - -53 is divided by o(0)?
9
Let j = -6592 + 7121. What is the remainder when j is divided by 89?
84
Let r(y) = 5*y - 190. Let m be r(38). Suppose m = 10*a + 58 - 738. Calculate the remainder when a is divided by 21.
5
Let r(y) = -y + 27. Suppose 0 = p + 3*b - 2, -5*p = 3*b - 5*b - 10. Calculate the remainder when 199 is divided by r(p).
24
Let x be ((-1)/(-5))/(2/(-20)*-2). Suppose -5*u = 3*p - 23 + 8, u + p = x. Suppose u*s - 74 = 22. What is the remainder when 31 is divided by s?
15
Suppose v - 15 = 4*v, 3*v + 84 = 3*r. Let z be 70/(-20)*(-40)/7. Let g = r - z. Calculate the remainder when g is divided by 2.
1
Let k(x) = 10*x. Suppose -30 = -5*g - 2*t, t = 4*g - 31 + 7. Suppose -11*a + 7*a + 124 = 0. Calculate the remainder when k(g) is divided by a.
29
Let k(i) = 147*i + 7709. What is the remainder when k(-52) is divided by 18?
11
What is the remainder when 225 is divided by (1 - 22)/((-1)/4)?
57
Suppose 10*l + 2*l - 24 = 0. Suppose 0 = -l*p + 4*p - 3*o - 608, p - 5*o = 290. What is the remainder when p is divided by 26?
24
Suppose -d + 36 = -3*l, d + 2*l + 3 - 29 = 0. Suppose 3*k - 3*n = 19 + 95, 4*k + 4*n = 200. Calculate the remainder when k is divided by d.
14
Suppose 58*s = 29*s + 24*s + 65. Calculate the remainder when 318 is divided by s.
6
Let a = -9619 - -10368. Calculate the remainder when a is divided by 740.
9
Suppose -3*k + 514 = -3*l - 1169, 2*k - 1140 = -l. Calculate the remainder when k is divided by 52.
47
Let k(l) = -2*l**2 - l + 132. Let v be k(0). Suppose -f = 3*a - 57, -3*f + 0*f + 4*a = -v. Let b = -30 + f. What is the remainder when 48 is divided by b?
12
Let y(n) = 576*n + 2564. Calculate the remainder when 10656 is divided by y(-4).
256
Let i = -25 + 35. Suppose -i + 14 = -2*z. Calculate the remainder when 94 is divided by (-32)/(-15) + z + (-478)/(-15).
30
Let m be (-57)/(-18) - (-1)/(-6). Suppose n - 7 = -m. Suppose 66 = 22*y + 52 - 96. What is the remainder when y is divided by n?
1
Let o(d) = 110*d**2 - 24*d - 103. What is the remainder when o(-4) is divided by 84?
73
What is the remainder when 314 is divided by 469/21 + ((-56)/(-21))/(-2)?
20
Suppose -135*b = 5*z - 136*b - 11248, 0 = z - b - 2248. What is the remainder when z is divided by 1117?
16
Let y(b) = b**3 + b**2 + b + 25. Suppose 0 = -5*a - 2*f, 0 = a - 0*a + 4*f. What is the remainder when y(a) is divided by 3?
1
What is the remainder when 7226 is divided by ((-13)/(-11) + -1)/1 + 265024/8888?
26
Let m = -7 + 11. Suppose b = -b + 16. Let d(c) = 20*c - 142. What is the remainder when d(b) is divided by m?
2
Let r = 171 - 123. Suppose -3*b - 4*l + r = 0, -3*b + 3*l + 7 = -62. Calculate the remainder when 59 is divided by b.
19
Suppose 5*j + 52 = 3*m + 1, 5*j - 37 = -m. Let r = -1377 + 1529. Calculate the remainder when r is divided by m.
20
Let w = -26 - -445. Let i = -282 + w. What is the remainder when i is divided by 69?
68
Let g(o) = 50*o**2 - 2*o + 1. Suppose 50*v + 35*v = 28985. Calculate the remainder when v is divided by g(1).
47
Suppose 0 = 3*t - 5*w + 6*w - 94, -2*t + 3*w = -81. Suppose 0 = 4*c - 2*c - 2. Suppose v - 13 + c = 0. What is the remainder when t is divided by v?
9
Suppose 0 = -4*h - f + 21 - 0, h = -5*f + 10. Suppose -18*d = h*d - 552. Suppose 0 = -t + 6 - 2. Calculate the remainder when d is divided by t.
0
Let m = -17955 - -18619. What is the remainder when m is divided by 156?
40
Let c = -6880 + 6929. What is the remainder when c is divided by 9?
4
Let q(r) = 140*r**2 - 121*r - 29. Calculate the remainder when q(-4) is divided by 298.
13
Let l(o) = -28*o + 1797. Let s(v) = -v**3 - 4*v**2 - v + 2. Let k be s(-3). Let i(b) = b**2 + 3*b - 1. What is the remainder when l(64) is divided by i(k)?
2
Let t(u) = 2*u - 55. Let m(r) = -6*r + 165. Let z(a) = 3*m(a) + 8*t(a). What is the remainder when z(-5) is divided by (22 - 0) + 1 - 0?
19
Let b = 2 + 4. Let n(j) = -6*j - 45. Let r be n(-8). Suppose l + h = 43, r*h = 3*l + 2*h - 113. What is the remainder when l is divided by b?
3
Suppose 0 = 54*n + 18496 - 78436. Calculate the remainder when n is divided by 8.
6
Suppose -p + 125*n = 121*n - 2483, 0 = -4*n - 16. Calculate the remainder when p is divided by 190.
187
Suppose 0 = 99*d - 102*d - m + 114, -4*d + m = -138. Calculate the remainder when 130 is divided by d.
22
Let f(w) = 9*w + 103. Let v = 532 - 125. What is the remainder when v is divided by f(0)?
98
Let t = 35901 + -35629. What is the remainder when t is divided by 251?
21
Let v(p) = -p**2 + 17*p - 15. Let g be ((-1 - -3)/2)/(35/490). Calculate the remainder when 80 is divided by v(g).
26
Suppose l - 413 = -5*u, 17*u + 5*l = 13*u + 364. Calculate the remainder when 1537 is divided by u.
79
Let o = 6563 + -6515. Calculate the remainder when o is divided by 42.
6
Suppose -5*a - 4*n + 381 = -118, -4*a + 394 = -2*n. Suppose -4*c + 68 = -4*w - 24, 5*c + 3*w - a = 0. What is the remainder when 143 is divided by c?
17
Let d(p) = p - 11. Let g be d(7). Let w(a) = -4*a**3 + 107*a**2 + 26*a + 62. Calculate the remainder when (-258)/g - 6/(-12) is divided by w(27).
30
What is the remainder when 6/(-10) - ((-422112)/15)/8 is divided by 17?
15
Calculate the remainder when 5*2 + (-4032)/(-4 - 8) is divided by 13.
8
Suppose 7*w = -2*w + 360. Suppose w = -11*c + 19*c. Calculate the remainder when 29 is divided by c.
4
Suppose -4*o + 5*b = -0*b - 399, -5*o + 3*b = -515. Let k = o - 59. Suppose 124*t = -143*t + 241*t + 338. What is the remainder when k is divided by t?
8
Let j be -3 - (10/(-15))/(4/18). Calculate the remainder when (99/44)/((-6)/(-112)) - j is divided by 16.
10
Let g(d) = -7*d + 31. Let i be g(4). Suppose 0 = -m + 2, -i*f - 6 = 2*m - 1. What is the remainder when 73 is divided by (f*1/(-2))/((-60)/(-1120))?
17
Suppose 6*z - 173 = 241. Calculate the remainder when z is divided by 25.
19
Let h = -9310 + 9436. Calculate the remainder when 2383 is divided by h.
115
Suppose -209 + 41 = -28*i. Suppose -i*c + 660 = 96. What is the remainder when c is divided by 7?
3
Let d = -726 - -728. Suppose 3*r + 2*u = 9, -11 = r + 3*r - 5*u. Calculate the remainder when 93 is divided by (5 - d - -20) + r.
21
Let z(f) = 4*f - 58. Let o be z(15). Let s = 82 - -253. Suppose g = -o*r - 131 + s, 3*g - 627 = -3*r. What is the remainder when g is divided by 43?
42
Let i(g) = 15*g - 27. Let z(p) = 60*p - 110. Let l(h) = 9*i(h) - 2*z(h). Calculate the remainder when 321 is divided by l(2).
6
Let u = 21 - 14. Suppose -99*a = -95*a - 32. What is the remainder when u - a - (1 + -89) is divided by 45?
42
Suppose 46 = 5*n + 2*i, 6*i = -5*n + 11*i + 25. What is the remainder when 536/10 + (-4)/(-10) is divided by n?
6
Let w be (21/(-14))/(24/(-32)). Suppose -3*b - 5*r + 99 + 15 = 0, -w*r = 5*b - 171. What is the remainder when 326 is divided by b?
29
Let h = -1448 + 1461. What is the remainder when 1700 is divided by h?
10
Let a = -95 - -102. Suppose -a*r - 403 = -20*r. What is the remainder when r is divided by 21?
10
Let m(g) = 32*g**3 - 30*g**2 + 66*g - 4. What is the remainder when m(2) is divided by 28?
12
Let n(m) = -2*m + 7. Let w be n(0). Suppose -4*v - 2*q - 173 = -w*v, 2*q - 4 = 0. Suppose -64*z = -v*z - 260. Calculate the remainder when z is divided by 5.
2
Let d be 0/(-3*(-4)/12). Let j = 427 - 394. Suppose d = -2*s + j - 5. Calculate the remainder when 80 is divided by s.
10
Let a(p) = p**3 + 27*p**2 - 22*p - 28. Let h be a(-28). Let r = h + 215. What is the remainder when 6*56/6 - 0 is divided by r?
18
Let s(f) = -f**2 + 8*f - 6. Calculate the remainder when (231/88)/(48/3712) is divided by s(6).
5
Let h = 378 + -375. What is the remainder when 30 is divided by (28/(-21) + h)*12?
10
Let n(b) = -b + 172. Calculate the remainder when 232 is divided by n(-46).
14
What is the remainder when 459 is 